{"id":422,"date":"2020-10-24T14:48:03","date_gmt":"2020-10-24T14:48:03","guid":{"rendered":"https:\/\/laviadelcerchioticino.ch\/?page_id=422"},"modified":"2020-11-02T14:04:46","modified_gmt":"2020-11-02T14:04:46","slug":"cerchio-misto","status":"publish","type":"page","link":"https:\/\/laviadelcerchioticino.ch\/index.php\/cerchio-misto\/","title":{"rendered":"Cerchio misto"},"content":{"rendered":"\t\t<div data-elementor-type=\"wp-page\" data-elementor-id=\"422\" class=\"elementor elementor-422\">\n\t\t\t\t\t\t<section class=\"elementor-section elementor-top-section elementor-element elementor-element-7ca9aae elementor-section-boxed elementor-section-height-default elementor-section-height-default\" data-id=\"7ca9aae\" data-element_type=\"section\">\n\t\t\t\t\t\t<div class=\"elementor-container elementor-column-gap-default\">\n\t\t\t\t\t<div class=\"elementor-column elementor-col-33 elementor-top-column elementor-element elementor-element-882df8f\" data-id=\"882df8f\" data-element_type=\"column\">\n\t\t\t<div class=\"elementor-widget-wrap elementor-element-populated\">\n\t\t\t\t\t\t<div class=\"elementor-element elementor-element-5040b20 elementor-widget elementor-widget-image\" data-id=\"5040b20\" data-element_type=\"widget\" data-widget_type=\"image.default\">\n\t\t\t\t<div class=\"elementor-widget-container\">\n\t\t\t\t\t\t\t\t\t\t\t\t\t\t\t<img fetchpriority=\"high\" decoding=\"async\" width=\"768\" height=\"576\" src=\"https:\/\/laviadelcerchioticino.ch\/wp-content\/uploads\/2020\/10\/Cerchio_05-2-768x576.jpg\" class=\"attachment-medium_large size-medium_large wp-image-593\" alt=\"\" srcset=\"https:\/\/laviadelcerchioticino.ch\/wp-content\/uploads\/2020\/10\/Cerchio_05-2-768x576.jpg 768w, https:\/\/laviadelcerchioticino.ch\/wp-content\/uploads\/2020\/10\/Cerchio_05-2-300x225.jpg 300w, https:\/\/laviadelcerchioticino.ch\/wp-content\/uploads\/2020\/10\/Cerchio_05-2-1024x768.jpg 1024w, https:\/\/laviadelcerchioticino.ch\/wp-content\/uploads\/2020\/10\/Cerchio_05-2-1536x1152.jpg 1536w, https:\/\/laviadelcerchioticino.ch\/wp-content\/uploads\/2020\/10\/Cerchio_05-2-2048x1536.jpg 2048w\" sizes=\"(max-width: 768px) 100vw, 768px\" \/>\t\t\t\t\t\t\t\t\t\t\t\t\t\t\t<\/div>\n\t\t\t\t<\/div>\n\t\t\t\t<div class=\"elementor-element elementor-element-2bf3b6e elementor-widget elementor-widget-image\" data-id=\"2bf3b6e\" data-element_type=\"widget\" data-widget_type=\"image.default\">\n\t\t\t\t<div class=\"elementor-widget-container\">\n\t\t\t\t\t\t\t\t\t\t\t\t\t\t\t<img decoding=\"async\" width=\"768\" height=\"576\" src=\"https:\/\/laviadelcerchioticino.ch\/wp-content\/uploads\/2020\/10\/Cerchio_07-1-768x576.jpg\" class=\"attachment-medium_large size-medium_large wp-image-595\" alt=\"\" srcset=\"https:\/\/laviadelcerchioticino.ch\/wp-content\/uploads\/2020\/10\/Cerchio_07-1-768x576.jpg 768w, https:\/\/laviadelcerchioticino.ch\/wp-content\/uploads\/2020\/10\/Cerchio_07-1-300x225.jpg 300w, https:\/\/laviadelcerchioticino.ch\/wp-content\/uploads\/2020\/10\/Cerchio_07-1-1024x768.jpg 1024w, https:\/\/laviadelcerchioticino.ch\/wp-content\/uploads\/2020\/10\/Cerchio_07-1-1536x1152.jpg 1536w, https:\/\/laviadelcerchioticino.ch\/wp-content\/uploads\/2020\/10\/Cerchio_07-1.jpg 2048w\" sizes=\"(max-width: 768px) 100vw, 768px\" \/>\t\t\t\t\t\t\t\t\t\t\t\t\t\t\t<\/div>\n\t\t\t\t<\/div>\n\t\t\t\t<div class=\"elementor-element elementor-element-380b964 elementor-widget elementor-widget-text-editor\" data-id=\"380b964\" data-element_type=\"widget\" data-widget_type=\"text-editor.default\">\n\t\t\t\t<div class=\"elementor-widget-container\">\n\t\t\t\t\t\t\t\t\t<p style=\"text-align: center;\"><em><span style=\"font-size: 15px; color: var( --e-global-color-text );\">I Cerchi precedenti:<\/span><\/em><\/p><p style=\"text-align: center;\">Il primo Cerchio si \u00e8 svolto il 19 gennaio 2020 sul tema:<br \/><em><strong>La Via del Cerchio, dal simbolo<\/strong> <strong>alla parola\u00a0<\/strong><\/em><\/p><p style=\"text-align: center;\"><span style=\"font-style: italic;\">Il secondo Cerchio, dopo il lockdown si \u00e8 svolto il 22 giugno 2020 sul tema:<br \/><\/span><strong style=\"font-style: italic;\">Amicizia e fedelt\u00e0<\/strong><\/p><p style=\"text-align: center;\"><span style=\"font-style: italic;\">Il terzo Cerchio, la prima volta assieme alla cara Cinzia, si \u00e8 svolto il 4 ottobre 2020 sul tema:<br \/><\/span><strong style=\"font-style: italic;\">La Ciclicit\u00e0 femminile<\/strong><\/p>\t\t\t\t\t\t\t\t<\/div>\n\t\t\t\t<\/div>\n\t\t\t\t\t<\/div>\n\t\t<\/div>\n\t\t\t\t<div class=\"elementor-column elementor-col-66 elementor-top-column elementor-element elementor-element-d4260c4\" data-id=\"d4260c4\" data-element_type=\"column\">\n\t\t\t<div class=\"elementor-widget-wrap elementor-element-populated\">\n\t\t\t\t\t\t<div class=\"elementor-element elementor-element-aba437d elementor-widget elementor-widget-heading\" data-id=\"aba437d\" data-element_type=\"widget\" data-widget_type=\"heading.default\">\n\t\t\t\t<div class=\"elementor-widget-container\">\n\t\t\t\t\t<h1 class=\"elementor-heading-title elementor-size-large\">Cerchio misto alla Filanda<\/h1>\t\t\t\t<\/div>\n\t\t\t\t<\/div>\n\t\t\t\t<section class=\"elementor-section elementor-inner-section elementor-element elementor-element-1c3c470 elementor-section-boxed elementor-section-height-default elementor-section-height-default\" data-id=\"1c3c470\" data-element_type=\"section\">\n\t\t\t\t\t\t<div class=\"elementor-container elementor-column-gap-default\">\n\t\t\t\t\t<div class=\"elementor-column elementor-col-100 elementor-inner-column elementor-element elementor-element-a46f93d\" data-id=\"a46f93d\" data-element_type=\"column\">\n\t\t\t<div class=\"elementor-widget-wrap elementor-element-populated\">\n\t\t\t\t\t\t<div class=\"elementor-element elementor-element-c141ed3 elementor-widget elementor-widget-image\" data-id=\"c141ed3\" data-element_type=\"widget\" data-widget_type=\"image.default\">\n\t\t\t\t<div class=\"elementor-widget-container\">\n\t\t\t\t\t\t\t\t\t\t\t\t\t\t\t<img decoding=\"async\" width=\"300\" height=\"225\" src=\"https:\/\/laviadelcerchioticino.ch\/wp-content\/uploads\/2020\/10\/Cerchio_08_nuovo-300x225.jpeg\" class=\"attachment-medium size-medium wp-image-441\" alt=\"\" srcset=\"https:\/\/laviadelcerchioticino.ch\/wp-content\/uploads\/2020\/10\/Cerchio_08_nuovo-300x225.jpeg 300w, https:\/\/laviadelcerchioticino.ch\/wp-content\/uploads\/2020\/10\/Cerchio_08_nuovo-768x576.jpeg 768w, https:\/\/laviadelcerchioticino.ch\/wp-content\/uploads\/2020\/10\/Cerchio_08_nuovo.jpeg 1024w\" sizes=\"(max-width: 300px) 100vw, 300px\" \/>\t\t\t\t\t\t\t\t\t\t\t\t\t\t\t<\/div>\n\t\t\t\t<\/div>\n\t\t\t\t<div class=\"elementor-element elementor-element-cef7d2e elementor-widget elementor-widget-text-editor\" data-id=\"cef7d2e\" data-element_type=\"widget\" data-widget_type=\"text-editor.default\">\n\t\t\t\t<div class=\"elementor-widget-container\">\n\t\t\t\t\t\t\t\t\t<p style=\"text-align: center;\">Negli ultimi tempi molte donne e molti uomini hanno intrapreso cammini paralleli e individuali di fioritura personale della propria femminilit\u00e0 e mascolinit\u00e0.<\/p><p style=\"text-align: center;\">Noi sentiamo ora il bisogno di continuare insieme in questo percorso, incrociando i cammini \u2013 uomini e donne, occhi negli occhi \u2013 in un incontro sincero, autentico e rispettoso per comprenderci meglio nelle nostre diversit\u00e0 e uguaglianze.<\/p><p style=\"text-align: center;\">Il Cerchio misto desidera creare uno spazio\/tempo che faciliti questo incontro grazie alla tradizione antica e moderna della Via del Cerchio.<\/p><p style=\"text-align: center;\">I Cerchi vengono moderati da Cinzia e Ulrico e si svolgono mensilmente presso<br \/><a href=\"http:\/\/www.lafilanda.ch\/\" target=\"_blank\" rel=\"noopener\">LaFilanda di Mendrisio.<\/a><\/p>\t\t\t\t\t\t\t\t<\/div>\n\t\t\t\t<\/div>\n\t\t\t\t\t<\/div>\n\t\t<\/div>\n\t\t\t\t\t<\/div>\n\t\t<\/section>\n\t\t\t\t<div class=\"elementor-element elementor-element-123d460 elementor-widget elementor-widget-image\" data-id=\"123d460\" data-element_type=\"widget\" data-widget_type=\"image.default\">\n\t\t\t\t<div class=\"elementor-widget-container\">\n\t\t\t\t\t\t\t\t\t\t\t\t\t\t\t<img loading=\"lazy\" decoding=\"async\" width=\"300\" height=\"225\" src=\"https:\/\/laviadelcerchioticino.ch\/wp-content\/uploads\/2020\/10\/Cerchio_03-1-300x225.jpg\" class=\"attachment-medium size-medium wp-image-591\" alt=\"\" srcset=\"https:\/\/laviadelcerchioticino.ch\/wp-content\/uploads\/2020\/10\/Cerchio_03-1-300x225.jpg 300w, https:\/\/laviadelcerchioticino.ch\/wp-content\/uploads\/2020\/10\/Cerchio_03-1-1024x768.jpg 1024w, https:\/\/laviadelcerchioticino.ch\/wp-content\/uploads\/2020\/10\/Cerchio_03-1-768x576.jpg 768w, https:\/\/laviadelcerchioticino.ch\/wp-content\/uploads\/2020\/10\/Cerchio_03-1-1536x1152.jpg 1536w, https:\/\/laviadelcerchioticino.ch\/wp-content\/uploads\/2020\/10\/Cerchio_03-1-2048x1536.jpg 2048w\" sizes=\"(max-width: 300px) 100vw, 300px\" \/>\t\t\t\t\t\t\t\t\t\t\t\t\t\t\t<\/div>\n\t\t\t\t<\/div>\n\t\t\t\t\t<\/div>\n\t\t<\/div>\n\t\t\t\t\t<\/div>\n\t\t<\/section>\n\t\t\t\t<section class=\"elementor-section elementor-top-section elementor-element elementor-element-b4bc531 elementor-section-boxed elementor-section-height-default elementor-section-height-default\" data-id=\"b4bc531\" data-element_type=\"section\">\n\t\t\t\t\t\t<div class=\"elementor-container elementor-column-gap-default\">\n\t\t\t\t\t<div class=\"elementor-column elementor-col-50 elementor-top-column elementor-element elementor-element-e778c36\" data-id=\"e778c36\" data-element_type=\"column\">\n\t\t\t<div class=\"elementor-widget-wrap elementor-element-populated\">\n\t\t\t\t\t\t<div class=\"elementor-element elementor-element-cd53b4d elementor-widget elementor-widget-heading\" data-id=\"cd53b4d\" data-element_type=\"widget\" data-widget_type=\"heading.default\">\n\t\t\t\t<div class=\"elementor-widget-container\">\n\t\t\t\t\t<h1 class=\"elementor-heading-title elementor-size-large\">Cinzia Santo<\/h1>\t\t\t\t<\/div>\n\t\t\t\t<\/div>\n\t\t\t\t<div class=\"elementor-element elementor-element-3d9ffb4 elementor-widget elementor-widget-image\" data-id=\"3d9ffb4\" data-element_type=\"widget\" data-widget_type=\"image.default\">\n\t\t\t\t<div class=\"elementor-widget-container\">\n\t\t\t\t\t\t\t\t\t\t\t\t\t\t\t<img loading=\"lazy\" decoding=\"async\" width=\"300\" height=\"300\" src=\"https:\/\/laviadelcerchioticino.ch\/wp-content\/uploads\/2020\/10\/Cinzia_04_picolo-300x300.jpeg\" class=\"attachment-medium size-medium wp-image-570\" alt=\"\" srcset=\"https:\/\/laviadelcerchioticino.ch\/wp-content\/uploads\/2020\/10\/Cinzia_04_picolo-300x300.jpeg 300w, https:\/\/laviadelcerchioticino.ch\/wp-content\/uploads\/2020\/10\/Cinzia_04_picolo-150x150.jpeg 150w, https:\/\/laviadelcerchioticino.ch\/wp-content\/uploads\/2020\/10\/Cinzia_04_picolo.jpeg 643w\" sizes=\"(max-width: 300px) 100vw, 300px\" \/>\t\t\t\t\t\t\t\t\t\t\t\t\t\t\t<\/div>\n\t\t\t\t<\/div>\n\t\t\t\t<div class=\"elementor-element elementor-element-39e9b1c elementor-widget elementor-widget-text-editor\" data-id=\"39e9b1c\" data-element_type=\"widget\" data-widget_type=\"text-editor.default\">\n\t\t\t\t<div class=\"elementor-widget-container\">\n\t\t\t\t\t\t\t\t\t<p style=\"font-variant-ligatures: normal; font-variant-caps: normal; font-family: Roboto, sans-serif; font-size: 14px; font-style: normal; font-weight: 400; text-align: center;\">Sono nata e cresciuta in Ticino, nelle mie vene il mediterraneo, nelle mie ossa la Madre Terra e nei miei capelli raggi di Luna.<\/p><p style=\"font-variant-ligatures: normal; font-variant-caps: normal; font-family: Roboto, sans-serif; font-size: 14px; font-style: normal; font-weight: 400; text-align: center;\">Da dieci anni mi dedico all\u2019ascolto, al risveglio e al potenziamento del principio femminile attraverso la scrittura, lavori individuali e cerchi di donne, grazie all\u2019incontro con donne straordinarie che mi hanno aperto questa strada: Miranda Gray, Vicky Noble e nei libri di Alexandra Pope e di DeAnna L\u2019am. Seguendo le iniziazioni e formazioni di Miranda Gray sono Moonmother di livello 3 e Mentore per il ciclo mestruale.<\/p><p style=\"font-variant-ligatures: normal; font-variant-caps: normal; font-family: Roboto, sans-serif; font-size: 14px; font-style: normal; font-weight: 400; text-align: center;\">Sempre pi\u00f9 nel tempo ho sentito il bisogno e la necessit\u00e0 di inglobare gli uomini in questo percorso.<\/p><p style=\"text-align: center;\">ll prezioso incontro con Ulrico e con la sua visione del Cerchio mi ha permesso di realizzare questa possibilit\u00e0.<\/p>\t\t\t\t\t\t\t\t<\/div>\n\t\t\t\t<\/div>\n\t\t\t\t\t<\/div>\n\t\t<\/div>\n\t\t\t\t<div class=\"elementor-column elementor-col-50 elementor-top-column elementor-element elementor-element-79f33a5\" data-id=\"79f33a5\" data-element_type=\"column\">\n\t\t\t<div class=\"elementor-widget-wrap elementor-element-populated\">\n\t\t\t\t\t\t<div class=\"elementor-element elementor-element-9bf95d4 elementor-widget elementor-widget-heading\" data-id=\"9bf95d4\" data-element_type=\"widget\" data-widget_type=\"heading.default\">\n\t\t\t\t<div class=\"elementor-widget-container\">\n\t\t\t\t\t<h1 class=\"elementor-heading-title elementor-size-large\">Ulrico Selinger<\/h1>\t\t\t\t<\/div>\n\t\t\t\t<\/div>\n\t\t\t\t<div class=\"elementor-element elementor-element-21b95f4 elementor-widget elementor-widget-image\" data-id=\"21b95f4\" data-element_type=\"widget\" data-widget_type=\"image.default\">\n\t\t\t\t<div class=\"elementor-widget-container\">\n\t\t\t\t\t\t\t\t\t\t\t\t\t\t\t<img loading=\"lazy\" decoding=\"async\" width=\"300\" height=\"300\" src=\"https:\/\/laviadelcerchioticino.ch\/wp-content\/uploads\/2020\/10\/Ulrico_02-piccolo-300x300.jpg\" class=\"attachment-medium size-medium wp-image-571\" alt=\"\" srcset=\"https:\/\/laviadelcerchioticino.ch\/wp-content\/uploads\/2020\/10\/Ulrico_02-piccolo-300x300.jpg 300w, https:\/\/laviadelcerchioticino.ch\/wp-content\/uploads\/2020\/10\/Ulrico_02-piccolo-1024x1024.jpg 1024w, https:\/\/laviadelcerchioticino.ch\/wp-content\/uploads\/2020\/10\/Ulrico_02-piccolo-150x150.jpg 150w, https:\/\/laviadelcerchioticino.ch\/wp-content\/uploads\/2020\/10\/Ulrico_02-piccolo-768x768.jpg 768w, https:\/\/laviadelcerchioticino.ch\/wp-content\/uploads\/2020\/10\/Ulrico_02-piccolo-1536x1536.jpg 1536w, https:\/\/laviadelcerchioticino.ch\/wp-content\/uploads\/2020\/10\/Ulrico_02-piccolo-2048x2048.jpg 2048w\" sizes=\"(max-width: 300px) 100vw, 300px\" \/>\t\t\t\t\t\t\t\t\t\t\t\t\t\t\t<\/div>\n\t\t\t\t<\/div>\n\t\t\t\t<div class=\"elementor-element elementor-element-18f2164 elementor-widget elementor-widget-text-editor\" data-id=\"18f2164\" data-element_type=\"widget\" data-widget_type=\"text-editor.default\">\n\t\t\t\t<div class=\"elementor-widget-container\">\n\t\t\t\t\t\t\t\t\t<p style=\"text-align: center;\"><span style=\"font-size: 14px; color: var( --e-global-color-text );\">Sono di origine bernese, nato il 1\u00b0 febbraio 1962 e padre di una splendida figlia. Nel 2020 ho fondato il Cerchio degli Uomini e il Cerchio misto alla Filanda di Mendrisio.<\/span><\/p>\n<p style=\"text-align: center;\">Ho praticato per sette anni Krya Yoga presso una sciamana in Ticino. Durante questo periodo, tra le varie cose, ho sperimentato la ruota della medicina e altre pratiche sciamaniche.<\/p>\n<p style=\"text-align: center;\">La mia filosofia di vita si basa sul principio buddista:<br><em>l\u2019amore incondizionato e la compassione.<\/em><\/p>\n<p style=\"text-align: center;\">Nel 2019 ho conosciuto in modo pi\u00f9 approfondito lo sciamano Manitonquat e il suo libro \u201cLa Via del Cerchio\u201d. In quell\u2019anno ho seguito anche un ciclo di seminari in un Cerchio degli Uomini in Germania e mi \u00e8 stato subito chiaro che \u201cLa Via del Cerchio\u201d era la via giusta da seguire e da praticare.<\/p>\n<p style=\"text-align: center;\">Ho avuto la grandissima fortuna di incontrare Cinzia, con la quale conduco oggi il Cerchio misto alla Filanda. Lei condivide completamente la mia visione: un ri-avvicinamento nelle relazioni tra il maschile e femminile e la conseguente guarigione.<\/p>\t\t\t\t\t\t\t\t<\/div>\n\t\t\t\t<\/div>\n\t\t\t\t\t<\/div>\n\t\t<\/div>\n\t\t\t\t\t<\/div>\n\t\t<\/section>\n\t\t\t\t<\/div>\n\t\t","protected":false},"excerpt":{"rendered":"<p>I Cerchi precedenti: Il primo Cerchio si \u00e8 svolto il 19 gennaio 2020 sul tema:La Via del Cerchio, dal simbolo alla parola\u00a0 Il secondo Cerchio, dopo il lockdown si \u00e8 svolto il 22 giugno 2020 sul tema:Amicizia e fedelt\u00e0 Il terzo Cerchio, la prima volta assieme alla cara Cinzia, si \u00e8 svolto il 4 ottobre [&hellip;]<\/p>\n","protected":false},"author":1,"featured_media":0,"parent":0,"menu_order":0,"comment_status":"closed","ping_status":"closed","template":"","meta":{"ocean_post_layout":"","ocean_both_sidebars_style":"","ocean_both_sidebars_content_width":0,"ocean_both_sidebars_sidebars_width":0,"ocean_sidebar":"0","ocean_second_sidebar":"0","ocean_disable_margins":"enable","ocean_add_body_class":"","ocean_shortcode_before_top_bar":"","ocean_shortcode_after_top_bar":"","ocean_shortcode_before_header":"","ocean_shortcode_after_header":"","ocean_has_shortcode":"","ocean_shortcode_after_title":"","ocean_shortcode_before_footer_widgets":"","ocean_shortcode_after_footer_widgets":"","ocean_shortcode_before_footer_bottom":"","ocean_shortcode_after_footer_bottom":"","ocean_display_top_bar":"default","ocean_display_header":"default","ocean_header_style":"","ocean_center_header_left_menu":"0","ocean_custom_header_template":"0","ocean_custom_logo":0,"ocean_custom_retina_logo":0,"ocean_custom_logo_max_width":0,"ocean_custom_logo_tablet_max_width":0,"ocean_custom_logo_mobile_max_width":0,"ocean_custom_logo_max_height":0,"ocean_custom_logo_tablet_max_height":0,"ocean_custom_logo_mobile_max_height":0,"ocean_header_custom_menu":"0","ocean_menu_typo_font_family":"0","ocean_menu_typo_font_subset":"","ocean_menu_typo_font_size":0,"ocean_menu_typo_font_size_tablet":0,"ocean_menu_typo_font_size_mobile":0,"ocean_menu_typo_font_size_unit":"px","ocean_menu_typo_font_weight":"","ocean_menu_typo_font_weight_tablet":"","ocean_menu_typo_font_weight_mobile":"","ocean_menu_typo_transform":"","ocean_menu_typo_transform_tablet":"","ocean_menu_typo_transform_mobile":"","ocean_menu_typo_line_height":0,"ocean_menu_typo_line_height_tablet":0,"ocean_menu_typo_line_height_mobile":0,"ocean_menu_typo_line_height_unit":"","ocean_menu_typo_spacing":0,"ocean_menu_typo_spacing_tablet":0,"ocean_menu_typo_spacing_mobile":0,"ocean_menu_typo_spacing_unit":"","ocean_menu_link_color":"","ocean_menu_link_color_hover":"","ocean_menu_link_color_active":"","ocean_menu_link_background":"","ocean_menu_link_hover_background":"","ocean_menu_link_active_background":"","ocean_menu_social_links_bg":"","ocean_menu_social_hover_links_bg":"","ocean_menu_social_links_color":"","ocean_menu_social_hover_links_color":"","ocean_disable_title":"default","ocean_disable_heading":"default","ocean_post_title":"","ocean_post_subheading":"","ocean_post_title_style":"","ocean_post_title_background_color":"","ocean_post_title_background":0,"ocean_post_title_bg_image_position":"","ocean_post_title_bg_image_attachment":"","ocean_post_title_bg_image_repeat":"","ocean_post_title_bg_image_size":"","ocean_post_title_height":0,"ocean_post_title_bg_overlay":0.5,"ocean_post_title_bg_overlay_color":"","ocean_disable_breadcrumbs":"default","ocean_breadcrumbs_color":"","ocean_breadcrumbs_separator_color":"","ocean_breadcrumbs_links_color":"","ocean_breadcrumbs_links_hover_color":"","ocean_display_footer_widgets":"default","ocean_display_footer_bottom":"default","ocean_custom_footer_template":"0","footnotes":""},"class_list":["post-422","page","type-page","status-publish","hentry","entry"],"_links":{"self":[{"href":"https:\/\/laviadelcerchioticino.ch\/index.php\/wp-json\/wp\/v2\/pages\/422","targetHints":{"allow":["GET"]}}],"collection":[{"href":"https:\/\/laviadelcerchioticino.ch\/index.php\/wp-json\/wp\/v2\/pages"}],"about":[{"href":"https:\/\/laviadelcerchioticino.ch\/index.php\/wp-json\/wp\/v2\/types\/page"}],"author":[{"embeddable":true,"href":"https:\/\/laviadelcerchioticino.ch\/index.php\/wp-json\/wp\/v2\/users\/1"}],"replies":[{"embeddable":true,"href":"https:\/\/laviadelcerchioticino.ch\/index.php\/wp-json\/wp\/v2\/comments?post=422"}],"version-history":[{"count":61,"href":"https:\/\/laviadelcerchioticino.ch\/index.php\/wp-json\/wp\/v2\/pages\/422\/revisions"}],"predecessor-version":[{"id":707,"href":"https:\/\/laviadelcerchioticino.ch\/index.php\/wp-json\/wp\/v2\/pages\/422\/revisions\/707"}],"wp:attachment":[{"href":"https:\/\/laviadelcerchioticino.ch\/index.php\/wp-json\/wp\/v2\/media?parent=422"}],"curies":[{"name":"wp","href":"https:\/\/api.w.org\/{rel}","templated":true}]}}